c = p + a. What is the tens digit of c?
1
Suppose -c + 4*i + 2569 = 0, 0 = -2*c + 45*i - 46*i + 5111. What is the tens digit of c?
5
Suppose -47647 = -16*d + 60833. Suppose -74*i = -62*i - d. What is the units digit of i?
5
Suppose -n - 147 = -b - 17391, -5*n = 4*b - 86193. What is the ten thousands digit of n?
1
Suppose -12*c + 274169 + 441013 - 268998 = 0. What is the tens digit of c?
8
Let q(g) be the first derivative of 21*g**2/2 + 2*g - 2. Suppose 20*b = -17*b + 222. What is the tens digit of q(b)?
2
Let x = -13 + 18. Suppose 3*y + 0*y + 4*l + 1 = 0, 0 = -x*y - 4*l + 1. What is the tens digit of y*100/(-12)*-3?
2
What is the thousands digit of (3 + -15)/(62/(-14725))?
2
Let m be 3/(7/(10 + -3)). Suppose -2*r + r + 498 = 3*v, v = -m*r + 174. What is the hundreds digit of v?
1
Let y(n) = -5*n**3 - 5*n**2 - 8*n - 9. Let j = -99 + 91. Let h = -12 - j. What is the hundreds digit of y(h)?
2
Let k = -79 + 79. Suppose k = -5*d + 608 - 123. What is the units digit of d?
7
Let k(h) = h**2 - 7*h + 2. Suppose 0 = -2*g + 4*n + 14, 3*g + 4 = -4*n - 5. Let a be k(g). What is the units digit of a/12*-9 - (-22)/1?
5
Suppose 0 = h - 2*p - 33959, 2*h + p = -6*p + 67918. What is the thousands digit of h?
3
What is the hundreds digit of 27/(-72) + 285219/72?
9
Let v = 66 + -64. Let w(d) = 12*d**3 - 5*d + 2. Let f be w(v). Suppose 16 = f*p - 84*p. What is the units digit of p?
4
Let k be 33/2 - (-5)/10. What is the units digit of 1 + 7*147 - (k - 11)?
4
Let p(a) = -a**3 - 1 + a**2 - a + a**2 - 14*a**2 + 5*a**2. Let x be p(-7). Suppose -4*h = -62 + x. What is the tens digit of h?
1
Let i(b) = -16 + 67*b**2 - 9 - 14*b + 76*b**2 - 14*b**2. What is the tens digit of i(-2)?
1
Let a(m) = 11*m**3 - 3*m**2 - 35*m + 68. What is the units digit of a(2)?
4
Suppose 3*j = -4*v + 79934, -4*v = -5*j - 6*v + 133214. What is the hundreds digit of j?
6
Let x(q) = -77*q + 16. Let c be x(6). Let v = -251 - c. What is the hundreds digit of v?
1
Let k(l) = -2*l - 14. Let x be k(5). Let g be ((-2)/4)/((-2)/x). Let a(i) = -i**3 - 4*i**2 - 11*i - 14. What is the hundreds digit of a(g)?
1
Let c = -8385 - -15309. What is the units digit of c?
4
Let b = 9028 + 3831. What is the tens digit of b?
5
Suppose -3*r + 5*q = -24955, 3*r - 5*q - 24959 = -4*q. What is the units digit of r?
0
What is the hundreds digit of ((-368)/312 - 44/286)*(-17187)/2?
4
Let r(o) = 11*o**3 - o - 4. Let j = -96 - -94. Let b be r(j). Let x = 275 + b. What is the tens digit of x?
8
Let d be 2*(-292)/(-8) - -2. Let y = 7 - d. Let q = 1 - y. What is the units digit of q?
9
Let m = 2523 - -105. What is the tens digit of m?
2
Suppose 5*b - 2*d + 4*d = -206, 3*b - 3*d + 132 = 0. What is the units digit of b/(-35)*140/8?
1
Suppose -8*c + 0*c = -1688. Suppose q - c = 774. What is the units digit of q?
5
Suppose -45 - 909 = -2*b + 3*u, b = u + 476. Suppose 5*a = -a + b. What is the units digit of a?
9
Let w(v) = -3*v**2 - 218*v - 417. What is the thousands digit of w(-51)?
2
Suppose 3*q = -4*a + 181996, 21*a + q - 45497 = 20*a. What is the hundreds digit of a?
5
Let x(i) = 2 + 2 - 2 + 11*i + 5. Let u be x(4). Let c = u + -13. What is the units digit of c?
8
Suppose -5*o - 510 = 2*d, 3*o = 5*d - 91 - 184. Let p = -34 - o. What is the tens digit of p?
6
Let z = 104 + -58. Let v = 124 - z. Let g = v - 62. What is the tens digit of g?
1
Suppose 2*l = 12 - 14, -p = -5*l - 12799. What is the ten thousands digit of p?
1
Let r(a) = -361*a + 103. Let n be r(-7). Suppose -4*d = 6*d - n. What is the hundreds digit of d?
2
Suppose -5*g + 20 = 0, 15*n = 20*n - 3*g - 50343. What is the tens digit of n?
7
Let g be (-52)/(-6) - (-26)/(-39). Suppose -g*m = -4608 - 848. What is the hundreds digit of m?
6
Suppose -16461*z = -16468*z + 444745. What is the thousands digit of z?
3
Let f(z) = 50*z**2 + 74*z - 882. What is the hundreds digit of f(13)?
5
Let g be -2 - -4 - (-1939)/7. Let u = 207 - 355. Let j = u + g. What is the hundreds digit of j?
1
Suppose -2 - 28 = -10*g. Let t(q) = 84*q - 5. Let o(i) = 84*i - 4. Let r(u) = g*o(u) - 2*t(u). What is the tens digit of r(1)?
8
Let m = -35 + 39. Suppose -4*x + d = m*d + 3, d + 1 = x. Suppose 4*p - 348 = -4*c, 4*c - p + x*p = 338. What is the units digit of c?
5
Suppose 19*r + 28814 = 24*r + g, 2*r = -4*g + 11522. What is the hundreds digit of r?
7
Suppose 78*p = 73*p - 65. Let w(i) = -i**3 - 11*i**2 + 10*i + 15. What is the hundreds digit of w(p)?
2
Suppose 0 = 21*b - 18758 + 9470 - 52767. What is the tens digit of b?
5
Let s = 12 + -8. Suppose -s*o + 0*z = -5*z - 457, 4*o - 442 = 2*z. What is the units digit of o?
8
Let o = 86 + 928. Let v be o*5/(-10)*6. What is the hundreds digit of v/(-16) + 6/(-48)?
1
Let j(i) = 11*i + 28. Let h(b) = -b**2 - 5*b - 2. Let p be h(-2). Let q = 18 - p. What is the hundreds digit of j(q)?
1
Suppose 75*c = 72*c + 9. Suppose 0 = -2*v + 10, 3*j - 4*v = -c*v + 115. What is the hundreds digit of (1 - 14)/((-4)/j) + 3?
1
Suppose 66*o + 64*o = 135*o - 74605. What is the hundreds digit of o?
9
Let w = 89 - -29. Suppose -w = -3*m + m. Suppose 4*i - m - 45 = 0. What is the tens digit of i?
2
Suppose 2*a - 6*a - h + 246 = 0, h = 4*a - 250. Let r = -156 + a. Let y = r - -302. What is the tens digit of y?
0
Let w(c) = -11*c + 108. Let g(u) = -5*u + 53. Let i(z) = 9*g(z) - 4*w(z). What is the units digit of i(7)?
8
Let b = 1733 + -615. Suppose 554 = -z + 2*z - 3*s, -b = -2*z + s. What is the tens digit of z?
6
What is the hundreds digit of -36516*((-32)/40 + (-42)/(-90))?
1
Let j = 1 + 5. Let d be ((33908/(-70))/(-7))/(1/10). Suppose 0 = -j*q + 58 + d. What is the hundreds digit of q?
1
Let y(v) = -v**2 - 46*v - 115. Let s be y(-33). Let c = 574 - s. What is the units digit of c?
0
What is the hundreds digit of (-2 + (-36256)/3)/(22 - (-1224)/(-54))?
1
Suppose -51*b - 72*b + 2299934 = -2060785. What is the thousands digit of b?
5
Let f be 1735/35 + 4 - (-6)/14. Let p = f - -372. What is the hundreds digit of p?
4
What is the units digit of ((-1)/(-2))/(22102609/2009326 + -11)?
1
Let a = -20 - -66. Let t = 26 - a. What is the tens digit of 1/(-4) + -2 + (-545)/t?
2
Suppose 16*s - 1763 - 2653 = 0. Let d(c) = -12*c - 1. Let u be d(1). What is the tens digit of (u/(26/s))/(-2)?
6
Let c(k) = 9*k + 2. Let j be c(5). Let d = 42 - j. Let u(i) = -8*i + 13. What is the tens digit of u(d)?
5
Let s = -457 - -764. Let k = s - 135. Suppose 0*y + k = 4*y. What is the units digit of y?
3
Suppose 72 = -5*l - l. Let i(y) = y**3 + 15*y**2 + 4*y - 6. Let d be i(l). What is the tens digit of 1/(-1 - d/(-375))?
2
Suppose 1727336 - 1726013 + 6584664 = 183*l. What is the ten thousands digit of l?
3
Suppose 441*t - 13764111 = 42*t + 5500008. What is the thousands digit of t?
8
What is the hundreds digit of (-2)/14 + -88945*(-60)/84?
5
Suppose -28 = -4*c + 2*s, -5*c = -c + 5*s. Suppose c*m + 2*y = 1901, -m + 756 = m + 3*y. What is the tens digit of m?
8
Suppose 96*z = 3690322 - 362770. What is the ten thousands digit of z?
3
Suppose 3*i + 4*w + 9 = 0, -3*i + 2*w + w + 12 = 0. Let c(j) = 335*j - 3. What is the tens digit of c(i)?
3
Let j(r) = -13*r - 36. Let w be j(-3). Suppose 12*o + w*l + 707 = 14*o, 0 = 5*o - 5*l - 1770. What is the hundreds digit of o?
3
Let j(c) = -2*c - 32. Let v be j(-18). Let m(r) = 207*r - 83. What is the tens digit of m(v)?
4
Let l(d) be the first derivative of -2*d**2 + 73*d + 1. Let t(v) = -v**3 + 26*v**2 - 22*v - 59. Let k be t(25). What is the units digit of l(k)?
9
Suppose 2*x = -10, 2*x = 2*y - x + 33. Let i(v) = -66*v - 376. What is the hundreds digit of i(y)?
2
Let u(w) = 2 + 17*w**2 - w - 4*w**2 + 131*w**2 - 2*w. Let l be ((-3)/(-6))/(3/6). What is the tens digit of u(l)?
4
Let u be ((-10)/3 - -3)/((-12)/648). Suppose 42*t + u = 4*v + 45*t, -3*v = -4*t - 26. What is the units digit of v?
6
Suppose 0 = a + 3*f - 1013, -4*a + 4052 = f + 3*f. Suppose 5*n + 5*v - 642 = 3*n, 0 = 3*n - 5*v - a. What is the tens digit of n?
3
Let w be (-389)/5 - ((-9)/5)/(-9). What is the tens digit of 6/(-1) + w + 258?
7
Let k = 32 + -46. What is the hundreds digit of (488 - k)*9/6?
7
Let z = -191 + 79. Let f = z - -119. Suppose 0 = 4*v + 5*r - 382, -3*r + 1 = f. What is the units digit of v?
8
Let j = 47209 - 32930. What is the units digit of j?
9
Suppose 3*b = -5*o + 235, -2*b = -2*o 